4. Let m be h(-2). List the prime factors of -32*(1 + m)/1.
2
Suppose 3*s - 18 = -2*b + 107, 5*b + 3*s = 308. List the prime factors of b.
61
Let w(h) = 4*h. Let v be w(1). Suppose 7*p - 2*p - 99 = 4*b, p - 39 = -4*b. Suppose -v*z - 36 = -4*s, -z - p = -3*s + z. What are the prime factors of s?
5
Suppose -20 = -4*z, -2*z - 2*z = 4*y - 8. Let v = y - -63. What are the prime factors of v?
2, 3, 5
Let t be -5 - 4/(-6)*3 - 7. What are the prime factors of (92 - t) + 2 + 1?
3, 5, 7
Let q(a) = 3*a**2 + 18*a + 9. Let w be -2*44/24*3. Let s be w/2 - 6/4. What are the prime factors of q(s)?
2, 3, 5
Let s = -59 + 60. Let p(i) = 14*i + 4. What are the prime factors of p(s)?
2, 3
Let m = -71 + 75. Let n(o) = 3*o + 8 + 4*o + 0*o. What are the prime factors of n(m)?
2, 3
Let x(d) = 3*d**2 + 48*d - 37. What are the prime factors of x(-25)?
2, 11, 29
Suppose 20*u = 95*u - 24750. List the prime factors of u.
2, 3, 5, 11
Let x be (15/5 - 2)/1. What are the prime factors of (3/1)/x + 83?
2, 43
Suppose 0 = -z + 6*z - 15. Suppose o + z*v = -9, o - 9 = -3*o + 3*v. Suppose 39 = 5*a - 4*m, o = -3*a + a - 4*m + 38. What are the prime factors of a?
11
Let b(q) = q - 1. Let f be b(1). Let s = f + 6. What are the prime factors of 102/(-8)*(-16)/s?
2, 17
Let m = 15 + -15. Let o = 0 - m. Suppose -h + 18 = 4*z, -5*h + 2*z - 7*z + 165 = o. What are the prime factors of h?
2, 19
Let y(q) = q**2 + 8*q - 57. What are the prime factors of y(-26)?
3, 137
Suppose -3*w = -2*g - 234 - 1388, -5*g = w - 535. What are the prime factors of w?
2, 3, 5
Suppose -b = -930 + 617. List the prime factors of b.
313
Let u be (26/6)/(2/6). Suppose -g - 41 = 50*s - 55*s, -4*g - 4 = 0. Suppose u*m - s*m = 235. List the prime factors of m.
47
Let m be 3*(-6)/27*(-3528)/(-48). Let x be 506/6 - (-1)/(-3). Let c = m + x. What are the prime factors of c?
5, 7
Let g be 84/22 - (-44)/242. Let u be (g + 1)/(-5)*-1. Suppose -24 = -5*y + u. List the prime factors of y.
5
Let y(i) = -i**2 + 14*i - 24. Let c be y(12). Suppose 3*u = -2*l - 2*u + 254, -2*u + 8 = c. List the prime factors of l.
3, 13
Let b(m) = m**3 - 35*m**2 - 10*m + 87. List the prime factors of b(36).
3, 11, 31
What are the prime factors of 184790/70 - 5/(-35)?
2, 3, 5, 11
Let p(c) = -c**2 + 10*c + 37. Let i be p(13). What are the prime factors of 83/7 - i/14?
2, 3
Let p(d) be the third derivative of d**6/8 - d**5/60 + d**4/6 - 5*d**3/6 - 9*d**2. What are the prime factors of p(2)?
7, 17
Suppose 5*u + 3*n - 27 = 0, 2*n + n - 24 = -4*u. Let p(m) = 12*m**2 + 8*m - 8. What are the prime factors of p(u)?
2, 31
Suppose 5*x - 10 = 0, x + 10 = -0*n + 4*n. Suppose -g + n = -1. What are the prime factors of g?
2
Let d = -189 + 247. What are the prime factors of d?
2, 29
Let n(q) = -5 - 15 + 26 - q - q**3 - q**2. List the prime factors of n(0).
2, 3
Let y be (-15 - -7) + (-2)/2. Let g = -9 - y. Let h(n) = -n**3 + n**2 + n + 46. List the prime factors of h(g).
2, 23
Let d = 18 - 16. Suppose -7*k = -d*k - 295. List the prime factors of k.
59
Let z(t) = 569*t + 5. List the prime factors of z(2).
3, 127
Let f = -98 + 98. Suppose 11*q - 13*q + 72 = f. What are the prime factors of q?
2, 3
Let u(s) = -8*s - 2. Let v(j) = -j. Let o(d) = -3*u(d) + 12*v(d). What are the prime factors of o(6)?
2, 3, 13
Let j be (-2 - -1)*(-12 + 10). Let v(z) = 6*z**3 - z**2 - 2*z - 1. Let n be v(j). Let q = n + -10. What are the prime factors of q?
29
Let k = 76 - 76. Suppose 3*z - 2*b + 3*b - 342 = k, b = -5*z + 570. List the prime factors of z.
2, 3, 19
Let d be 93 - -6*(-4)/(-8). Suppose -t + 115 = 2*k, k = -5*t + 452 + d. Let i = 154 - t. What are the prime factors of i?
3, 5
Let q = 15 + -12. Suppose -436 = -4*g - 2*t, -q*t = 5*g - 0*t - 547. List the prime factors of g.
107
Let z(r) = -2*r**2 - 19*r - 31. Let f be z(-21). Let s = -357 - f. What are the prime factors of s?
157
Let s(u) be the first derivative of u**3 - 5*u**2/2 + 7*u - 1. What are the prime factors of s(4)?
5, 7
Let r(f) = f**3 - 8*f**2 - 6*f + 5. Let a(w) = w**2 + 2*w. Let k be a(2). Let m be r(k). Let z = -5 - m. What are the prime factors of z?
2, 19
What are the prime factors of 31/(-155) - (-1)/(20/23484)?
2, 587
Suppose -32*l + 44*l = 108. What are the prime factors of l?
3
Suppose 0 = -10*r + 1621 - 661. List the prime factors of (936/r)/(2/((-32)/(-6))).
2, 13
Let j(s) be the first derivative of s**3/6 + 17*s**2/2 - 4*s + 1. Let v(f) be the first derivative of j(f). List the prime factors of v(7).
2, 3
Let b = 495 + -162. What are the prime factors of b?
3, 37
Let y(l) = 8*l - 2. Let b be y(-1). List the prime factors of 14 - (-5)/b*0.
2, 7
Let t(q) = -q**2 + 12*q + 2. Let d be 3 + 2 + (-4 - -3). Suppose -x = d*x - 55. List the prime factors of t(x).
13
Let a = -8 + 13. Suppose -g + a*g - 240 = 0. What are the prime factors of g?
2, 3, 5
Let v be -15*(64/(-20) - 1). Let h = v - 147. Let m = h + 145. List the prime factors of m.
61
Let n be (-2)/(-9) - (-22)/(-18). Let y(g) = g - 1. Let d(v) = v**2 - 22*v + 22. Let s(m) = n*d(m) - 6*y(m). List the prime factors of s(10).
2, 11
List the prime factors of (3 + 64/(-20))/((-1)/85).
17
Suppose 0 = -2*g + 2*y + 2, 2*g - 2*y = -g + 8. Suppose 0 = -g*w + 3*w + 297. List the prime factors of w.
3, 11
Suppose -8149 = -12*q + 2195. What are the prime factors of q?
2, 431
Let t(y) = y - 11. Let s be ((-10)/25)/((-1)/25). Let b be t(s). List the prime factors of 14 + -3 + 0 + b.
2, 5
Suppose 3*l - 8*l + 6865 = 5*z, 0 = -2*l - 4. List the prime factors of z.
5, 11
Let q(n) be the third derivative of n**5/60 - n**4/24 - 14*n**3/3 - 18*n**2. List the prime factors of q(14).
2, 7, 11
Suppose -3*n = -218 - 226. Let t = n - 99. What are the prime factors of t?
7
Suppose 163*z = 156*z + 17759. List the prime factors of z.
43, 59
Suppose 0 = 131*n - 140*n + 12024. List the prime factors of n.
2, 167
Suppose 0 = -2*g - 5*v + 6227 - 1104, -3*g = -2*v - 7656. List the prime factors of g.
2, 1277
Suppose 7*g = 11*g - 16. Let s(y) = 2*y**2 - 8*y - 4. Let r be s(g). List the prime factors of 54 - r*(-12)/16.
3, 17
Suppose -2*d + 45 = -5*c + 3*d, -d = 5*c + 39. List the prime factors of (-4 - (428/c)/(-1))*-2.
5, 23
Let c be (-1)/4 - 54/(-24). List the prime factors of -13*-1*(1 + c).
3, 13
Let t(z) = -5*z**3 + 4*z**2 + 5*z + 10. List the prime factors of t(-4).
2, 11, 17
Let k(a) = -a**3 - 6*a**2 - 2*a + 8. Let s(g) = g**3 + g**2 + g + 2. Let p(d) = k(d) + 2*s(d). What are the prime factors of p(7)?
3, 53
Suppose -1466 = -4*v + 1366. List the prime factors of (v/(-10))/((-5)/(100/8)).
3, 59
Let y = -35 + 37. Suppose -y*k + 169 + 165 = 0. What are the prime factors of k?
167
List the prime factors of 18/15 - (-234360)/200.
3, 17, 23
Suppose f + 3*a - 14 = 0, -5*a + 6 = -5*f - 4. Suppose c + 4*d = -f + 3, d + 29 = 2*c. What are the prime factors of c?
13
Suppose 4*f + 375 = 5*f. List the prime factors of (-4)/8 + f/6.
2, 31
Suppose -48*f = -2*f - 109388. What are the prime factors of f?
2, 29, 41
Let u(j) = -j**2 - 20*j - 2. Let y be u(-16). Suppose 5*s = 3*s + y. What are the prime factors of s?
31
Suppose -17712 = -26*k + 18*k. What are the prime factors of k?
2, 3, 41
Let g = 39 + -18. Suppose 15 = -s - 3*n, s = -5*n - 3 - 12. Let l = g - s. What are the prime factors of l?
2, 3
Suppose 4*o - 2*y = 1308, -3*o + 1100 = -y + 118. What are the prime factors of o?
2, 41
Suppose -4*l = -50 + 2. Let f = l + -7. Suppose 0 = 3*p - f*p + 102. List the prime factors of p.
3, 17
Suppose -5*i - 5*k + 3795 = 0, -83 - 696 = -i + 4*k. What are the prime factors of i?
7, 109
Let s be 28/(-2) - (-1 + 0). Let o be 184/(-30) - (3 + 94/(-30)). Let z = o - s. What are the prime factors of z?
7
Suppose 5*p = -250 + 1620. Suppose -3*f + 2*r + p = -292, -5*f + 980 = 4*r. List the prime factors of f.
2, 3
Let f(n) = -2*n**2 - 4*n - 1. Suppose -t + 4*t = 9. Let g be f(t). List the prime factors of 3 - (-1 + g + 4).
31
Let q = 34 + -27. Suppose q*k + 295 = 967. List the prime factors of k.
2, 3
What are the prime factors of (35250/(-175))/((-9)/42)?
2, 5, 47
Let z be -4 - (-18 - (-3 + 7)). Suppose 20*o - z*o = 154. List the prime factors of o.
7, 11
Suppose -4*t - 120 = -40. Let c be (t/10)/(1/8). Let z = c - -45. What are the prime factors of z?
29
Suppose 4*b + 88 = 60. Let v(s) = -20*s + 20. Wha